
Let z be -1 + (5 - 3) + -3 - -755. Suppose 2*f + z = 5*f. List the prime factors of f.
251
Let i(j) = j**3 - 11*j**2 - 7*j - 66. Let o be i(12). Let g(w) = 2*w**3 + 12*w**2 - 8*w + 17. What are the prime factors of g(o)?
5, 13
What are the prime factors of 0 - (0 + -2) - 47/(47/(-1848))?
2, 5, 37
Let s = 460 - 456. Let l = 770 - 542. Suppose -s*u + l = -u. What are the prime factors of u?
2, 19
Let n(i) = -110*i**3 - 12*i**2 - 26*i - 3. List the prime factors of n(-4).
6949
Let s = 29 + -27. Suppose -2*y = s*y. Suppose 4*d - 4*p - 364 = 0, -3*d + y*p = -5*p - 277. List the prime factors of d.
89
Let z(y) = 23*y**2 - 56*y - 42. What are the prime factors of z(-11)?
3, 373
List the prime factors of ((-166936)/18)/(512/(-2304)).
2, 7, 11, 271
Let l = -116 + 116. Suppose l = -4*v - 2*q + 74, -1 = -3*q + 14. What are the prime factors of v?
2
Suppose -3*u + 2*p = 6*p - 24222, -30 = 5*p. List the prime factors of u.
2, 3, 449
Suppose 16718 - 42345 = -6*g + 51407. What are the prime factors of g?
37, 347
Suppose 19*x - 94743 = -55*x + 457445. What are the prime factors of x?
2, 7, 13, 41
Let h(t) = -2*t + 7 - 7 - 12 + 0*t. Let d be h(-6). Suppose -w - 2*w + 3*j + 132 = 0, d = 2*w + 2*j - 92. What are the prime factors of w?
3, 5
Let v(a) = a**3 - 17*a**2 + 32*a + 19. List the prime factors of v(19).
19, 71
Let b(n) = -n**3 + 7*n**2 + 7*n + 4. Let s be (-4)/(35/(-25) - -1). Let q be b(s). Let r = -160 - q. List the prime factors of r.
2, 3, 11
Suppose 0 = -2*l + 4*o + 1164, 123*l - 1146 = 121*l + o. List the prime factors of l.
2, 3, 5, 19
Let f = -286 - -310. Let l(s) = s**2 - 27*s + 80. What are the prime factors of l(f)?
2
Let q(i) = -3*i - 11. Let a(u) = -u**2 - 6*u - 5. Let c be a(-6). Let m be q(c). Suppose -4*w + m*s = 2*s - 340, 5*s + 94 = w. List the prime factors of w.
2, 3, 7
Let i = -13 - -5. Let x be (2905/(-10))/(2/i*-2). What are the prime factors of (-1)/(-1) + x/(-28)*4?
2, 3, 7
Suppose 2*s = -5*t - 29, 15 = -26*s + 21*s - t. Let b(m) = 133*m**2 + 7*m. List the prime factors of b(s).
2, 7, 37
Let d = -20 + 44. Let o = d + -28. What are the prime factors of 2/o*(-114 - -4)?
5, 11
Let r(f) = -83*f - 5974. Let i be r(-72). Let g(a) = 193*a + 31. Let y(l) = 483*l + 78. Let j(t) = -12*g(t) + 5*y(t). What are the prime factors of j(i)?
2, 3
Let p(y) = -y**3 + 6*y**2 + 8*y - 1. Let j be p(7). Suppose 3*k = j, -9*w = -4*w - 5*k - 7635. List the prime factors of w.
11, 139
Let j be 7/(-1) + (1701 - 4). Suppose -22 + 19 = d, 0 = 5*m - 5*d - j. List the prime factors of m.
5, 67
Let q = 5515 + -5353. List the prime factors of q.
2, 3
Suppose 0 = 3*q - 6*q + 12, 3*q + 5979 = 3*i. What are the prime factors of i?
1997
Suppose -46*q + 367896 + 21669 - 86333 = 0. What are the prime factors of q?
2, 103
Let g = 35 + -30. Suppose 3*t - 1 = w + 2*t, -t = -4. Suppose -196 - 264 = -5*y + g*q, -y + w*q = -96. What are the prime factors of y?
2, 3, 5
What are the prime factors of 1191330/91 + 18/39 - 4?
2, 409
Suppose 19*w + 78 = 25*w. Suppose w*v + 236 = 17*v. Suppose -3*t - f = -v - 57, -5*f = 4*t - 151. What are the prime factors of t?
3, 13
Suppose -5*q + 77117 = 2*k - 1739, 5*k = -q + 15785. What are the prime factors of q?
2, 5, 19, 83
List the prime factors of 21070470/490 - (-94)/2303.
7, 6143
Let q be -5*(-4)/20*-4. List the prime factors of (294/18)/(q/(-72)).
2, 3, 7
Suppose b - 7*n - 6321 = -8*n, 0 = -2*n - 4. What are the prime factors of b?
6323
Let m be 1 + (1 - 392)/(22/(-88)). Suppose m = 3*a + 4*t, -3*t = -4*a + 216 + 1829. List the prime factors of a.
5, 103
Let o(p) = 90*p**2 + 671*p - 4058. What are the prime factors of o(6)?
2, 401
Suppose 3*x - 43153 = -2*a + 63435, -142116 = -4*x - 4*a. List the prime factors of x.
2, 5, 11, 17, 19
Suppose -9*l = -l - 42*l + 392292. What are the prime factors of l?
2, 3, 641
Let g(t) = 5*t - 3. Suppose 4*z = 3*z + 13. Let u = -7 + z. What are the prime factors of g(u)?
3
Suppose 0 = -5*x, 651*q - 5*x = 653*q - 45686. What are the prime factors of q?
53, 431
Suppose -4*h + 135 = 159. Let p be h/(-14) + 166560/224. Suppose -16*q - p = -19*q. List the prime factors of q.
2, 31
Let x = 176 - 177. List the prime factors of -52*3396/(-192) - x/4.
2, 5, 23
Let k = -54 + 100. Let p = k + -42. What are the prime factors of 150 - p - (2 + (-1 - 0))?
5, 29
Let f = 61 + 48. Let v be 4 + 22/(-6) - 3/9. Suppose 5*i - 91 - f = v. What are the prime factors of i?
2, 5
Suppose -2*h + 4*b = -5800, h - 2858 = -12*b + 7*b. What are the prime factors of h?
2, 19
Let m = 334 - -146. Suppose -5*d + 2*d + 713 = -2*z, z - m = -2*d. What are the prime factors of d?
239
Suppose -5*b = 361 - 366, 0 = -3*j + 3*b + 5544. What are the prime factors of j?
43
Let v be 14 - 18/3 - 7. List the prime factors of v*3342/12*2.
557
Let m(y) = -y**2 - 25*y - 169. Let l be m(-11). Let q = -213 + 1149. What are the prime factors of q/15 - l/25?
3, 7
List the prime factors of ((-409448)/78)/(-3 + (-35)/(-12)).
2, 31, 127
Let t = -72 - -60. What are the prime factors of (5/2*-12)/(t/78)?
3, 5, 13
Let x(c) = 2*c**2 - 9*c - 1. Let g be x(-14). Let u = g + -230. What are the prime factors of u?
7, 41
Let a = 221 - 131. Let i = -60 + a. What are the prime factors of 1/((-4)/(-98))*i/15?
7
Suppose -4*c = -2*n - 5*c - 1, -3*n + 16 = 5*c. Let h(x) = 13*x**2 + 2*x + 6. Let t be h(n). Let j = t + -101. What are the prime factors of j?
2
What are the prime factors of (-4*(-5)/(-20))/(-5 + 7)*-48646?
13, 1871
Let u = 993 + -532. Suppose -1129 = -10*q + u. What are the prime factors of q?
3, 53
Let j(r) = 71*r + 103. Let x be j(21). Let i = x + -1047. List the prime factors of i.
547
Let b = -91778 - -135653. List the prime factors of b.
3, 5, 13
Let a(f) be the third derivative of 37*f**4/8 + 10*f**3 - 4*f**2 + 13*f. What are the prime factors of a(6)?
2, 3, 11
Suppose 15*c - 3834 = 19*c - 2*q, 5*q = 4*c + 3819. Let u = 1373 + c. What are the prime factors of u?
2, 103
Let r = -18095 + 31000. List the prime factors of r.
5, 29, 89
Suppose -182411 - 60415 + 50026 = -10*u. List the prime factors of u.
2, 5, 241
Let v = 3149 + -3146. Let r be 1*(4/2 + -2). Suppose 2*p = -r*q - 3*q + 227, -v*p + 323 = q. List the prime factors of p.
2, 53
Let m(b) = -5*b + 26. Let j be m(-2). List the prime factors of 2/(-9) + 55484/j.
23, 67
What are the prime factors of (0 - -1)/((-1)/(-5479 - -12))?
7, 11, 71
Let z(r) = r + 1. Let c = -111 - -114. Suppose -6*p + b = -11*p + 116, -20 = -p + c*b. What are the prime factors of z(p)?
2, 3
Let g(k) = 1 - 16 - 20 + 3*k**2 - 11*k + 0. What are the prime factors of g(11)?
3, 23
Suppose 75*p = 411525 - 122850. What are the prime factors of p?
3, 1283
Suppose -35*x - 19938 = 5472. Let b = 1242 + x. What are the prime factors of b?
2, 3, 43
Suppose -3*p = -d - 141, p - 27 = -3*d + 20. Suppose -5*v - 3*w + p = -24, -92 = -5*v + 4*w. List the prime factors of v.
2
Suppose -5*n - 32 = -57. Suppose -4*i + 4*k - 3*k + 25 = 0, i + n*k = 1. What are the prime factors of (14 + i)*(-38)/(-8)?
5, 19
What are the prime factors of (-1 - 20)/(12 - 133755/11145)?
3, 7, 743
Let o = 11470 - 4676. List the prime factors of o.
2, 43, 79
Let i(n) = -16*n + 23. Suppose 0 = -5*k + 13 + 27. Let j be i(k). Let a = 189 + j. List the prime factors of a.
2, 3, 7
Suppose w + 143384 = 5*f, 4*w + 76371 = 2*f + 19021. List the prime factors of f.
3, 11, 79
Suppose 5 = -3*f + 20. Suppose -1966*z + 1970*z - 156 = 0. Suppose 10 = 2*u + f*n - z, u - 29 = -n. List the prime factors of u.
2
What are the prime factors of (133/(-14) - -7)*(-3 + -2453)?
2, 5, 307
Let f(k) = 6741*k**2 + 745*k - 2247. What are the prime factors of f(3)?
3, 20219
Let n(t) = 12*t**2 - 58*t - 153. What are the prime factors of n(28)?
13, 587
Let j(g) = 262*g - 683. What are the prime factors of j(88)?
13, 1721
Suppose 178*c - 3201176 = 36*c + 328802. List the prime factors of c.
24859
Suppose 11*z = 18*z. Suppose z = -2*o + 6*o - 8. List the prime factors of (0 - 0) + (-1 - o)*-1.
3
Let j = -17022 - -18979. List the prime factors of j.
19, 103
Let w(n) = 13267*n**2 + 103*n - 104. What are the prime factors of w(1)?
2, 3, 11, 67
Let g(z) = 509*z + 38790. What are the prime factors of g(0)?
2, 3, 5, 431
Let m(f) = 8*f + 31. Let l be m(0). Suppose 27*z - l*z = -520. List the prime factors 